{"id":3727,"date":"2025-03-27T09:32:29","date_gmt":"2025-03-27T09:32:29","guid":{"rendered":"https:\/\/thiesinnovationcenter.sn\/?post_type=product&#038;p=3727"},"modified":"2025-03-27T16:33:20","modified_gmt":"2025-03-27T16:33:20","slug":"capteur-de-temperature-et-dhumidite-esp-01-dht11-16-bits","status":"publish","type":"product","link":"https:\/\/thiesinnovationcenter.sn\/?product=capteur-de-temperature-et-dhumidite-esp-01-dht11-16-bits","title":{"rendered":"Capteur de temp\u00e9rature et d&rsquo;humidit\u00e9 ESP-01 DHT11 &#8211; DHT22 16 bits"},"content":{"rendered":"","protected":false},"excerpt":{"rendered":"<p>Capteur de temp\u00e9rature et d&rsquo;humidit\u00e9 de pr\u00e9cision moyenne ESP-01 DHT11 avec bus de donn\u00e9es 1 fil, pour plate-forme ESP-01 ESP8266.<\/p>\n<p>Aosong DHT11 est un capteur d&rsquo;humidit\u00e9 et de temp\u00e9rature calibr\u00e9 et int\u00e9gr\u00e9, qui communique avec un microcontr\u00f4leur via une seule broche d&rsquo;E\/S num\u00e9rique.<\/p>\n","protected":false},"featured_media":3505,"comment_status":"open","ping_status":"closed","template":"","meta":[],"etheme_brands":[],"product_brand":[],"product_cat":[31],"product_tag":[],"class_list":{"0":"post-3727","1":"product","2":"type-product","3":"status-publish","4":"has-post-thumbnail","6":"product_cat-capteur","8":"first","9":"instock","10":"shipping-taxable","11":"purchasable","12":"product-type-simple"},"jetpack_sharing_enabled":true,"_links":{"self":[{"href":"https:\/\/thiesinnovationcenter.sn\/index.php?rest_route=\/wp\/v2\/product\/3727","targetHints":{"allow":["GET"]}}],"collection":[{"href":"https:\/\/thiesinnovationcenter.sn\/index.php?rest_route=\/wp\/v2\/product"}],"about":[{"href":"https:\/\/thiesinnovationcenter.sn\/index.php?rest_route=\/wp\/v2\/types\/product"}],"replies":[{"embeddable":true,"href":"https:\/\/thiesinnovationcenter.sn\/index.php?rest_route=%2Fwp%2Fv2%2Fcomments&post=3727"}],"version-history":[{"count":2,"href":"https:\/\/thiesinnovationcenter.sn\/index.php?rest_route=\/wp\/v2\/product\/3727\/revisions"}],"predecessor-version":[{"id":3729,"href":"https:\/\/thiesinnovationcenter.sn\/index.php?rest_route=\/wp\/v2\/product\/3727\/revisions\/3729"}],"wp:featuredmedia":[{"embeddable":true,"href":"https:\/\/thiesinnovationcenter.sn\/index.php?rest_route=\/wp\/v2\/media\/3505"}],"wp:attachment":[{"href":"https:\/\/thiesinnovationcenter.sn\/index.php?rest_route=%2Fwp%2Fv2%2Fmedia&parent=3727"}],"wp:term":[{"taxonomy":"brand","embeddable":true,"href":"https:\/\/thiesinnovationcenter.sn\/index.php?rest_route=%2Fwp%2Fv2%2Fetheme_brands&post=3727"},{"taxonomy":"product_brand","embeddable":true,"href":"https:\/\/thiesinnovationcenter.sn\/index.php?rest_route=%2Fwp%2Fv2%2Fproduct_brand&post=3727"},{"taxonomy":"product_cat","embeddable":true,"href":"https:\/\/thiesinnovationcenter.sn\/index.php?rest_route=%2Fwp%2Fv2%2Fproduct_cat&post=3727"},{"taxonomy":"product_tag","embeddable":true,"href":"https:\/\/thiesinnovationcenter.sn\/index.php?rest_route=%2Fwp%2Fv2%2Fproduct_tag&post=3727"}],"curies":[{"name":"wp","href":"https:\/\/api.w.org\/{rel}","templated":true}]}}